at is the remainder when 1350 is divided by x?
9
Let u be 45/6 - (-2)/(-4). Suppose -u*g + 15 = -83. Calculate the remainder when 39 is divided by g.
11
Calculate the remainder when (12384/396)/((-12)/(-66)) is divided by 8.
4
Let r = 42357 + -42332. Let k(b) = 2*b**3 - 5*b**2 + 4*b - 2. What is the remainder when k(6) is divided by r?
24
Suppose -4*h = 3*c - 1202, -12*c = -4*h - 11*c + 1194. What is the remainder when h is divided by 203?
96
Suppose v + d - 56 = 0, 0*v + v - 53 = -2*d. Calculate the remainder when ((-12627)/915)/((-3)/25) is divided by v.
56
Let b = -961 - -1049. Calculate the remainder when (344 - 6*(-1)/2) + 3 is divided by b.
86
Suppose 0 = -3*t + 5*x + 276, -115*t + 111*t + 3*x = -390. Calculate the remainder when 623 is divided by t.
11
Suppose 3*j = 3*y - 402, -5*j - 2*y + 0*y = 670. Let c = j + 146. What is the remainder when 56 is divided by c?
8
Let g(a) = -63*a - 84. Let y be g(-4). Let v = y - 147. Calculate the remainder when 47 is divided by v.
5
Let n = 622 - 652. Calculate the remainder when (-13*n/105)/(1/14) is divided by 30.
22
Let a(t) = -136*t - 953. What is the remainder when a(-11) is divided by 162?
57
Suppose 10*n + 113 + 687 = 0. Let l = n - -97. Calculate the remainder when 44 is divided by l.
10
What is the remainder when 1535 is divided by -1*140*8/(-32)?
30
Let i be 4/(-26) + 560/260. Suppose 176 = i*x - 0*x. What is the remainder when x is divided by 31?
26
Let z(n) = -20*n**3 + 2*n**2 - 157*n - 580. What is the remainder when z(-4) is divided by 137?
127
Let z = -17 + 20. Suppose 0 = 8*c - z*c - 80. Let i = 28 + -23. Calculate the remainder when c is divided by i.
1
Suppose 4*h + 129 = 5*f - 26, 0 = 4*h - 3*f + 149. Let r = 8 - h. Let u(t) = t**2 + 16*t + 46. What is the remainder when u(-20) is divided by r?
40
Let p(w) = w - 18. Let g be p(28). Suppose 45 = 19*z - g*z. Suppose l + 2 = -m, l = 2*m - 0*l - z. What is the remainder when 2 is divided by m?
0
Suppose 0 = 2*f + 3*f - 350. Calculate the remainder when 39 is divided by (-15)/10*f/(-15).
4
Let d be 160 + 3 + 1 + -2. Suppose 0 = -5*i - 20*c + 16*c + 265, -3*i + d = 3*c. What is the remainder when i is divided by 41?
8
Suppose 5*p = 3*n + 864, 0 = -5*p - 0*p - 2*n + 874. What is the remainder when 669 is divided by p?
147
Suppose 5 = -7*o + 26. Suppose -5 = -o*f + 10. What is the remainder when 226 is divided by (-8 + f - -45) + -4?
36
Suppose 1805 = 5*b + 5*x, -b + 3*x - 144 = -497. Calculate the remainder when b is divided by 79.
43
Let h(s) = -s**3 - 7*s**2 - 4*s + 8. Let b be h(-6). Calculate the remainder when 8/b*(-2 - -3) - -20 is divided by -1 + 14 + 2 + -2.
5
Let l(x) = -x**3 - 9*x**2 - 15*x - 4. Let w be l(-7). Suppose 0*z - 192 = w*z. Let r = 110 + z. What is the remainder when r is divided by 17?
12
Suppose 3*k = 12, -3*k + 207 = -4*g + 7*g. Suppose g - 6 = -p. Let q = 75 + p. Calculate the remainder when 30 is divided by q.
14
Suppose 0*b = 3*b - 2*l - 13, 2*b - l = 7. What is the remainder when 65 is divided by (15 - b) + (8 - (3 - -2))?
14
Let r = -4350 - -6850. Suppose -11*b + b = -r. Suppose -3*n - 2*m + 148 = 0, -74 + b = 3*n - 5*m. Calculate the remainder when n is divided by 28.
24
What is the remainder when 1220 is divided by 10128/60*(-20)/(-16)?
165
Let r = 321 - 326. What is the remainder when 82 is divided by 1/((-3 - r)/42)?
19
Let z = 506 - 503. Calculate the remainder when (-2 - z) + 3 + -12 + 129 is divided by 30.
25
Suppose s = -5*y - 4, 4*s + 2 = 6. Let t(m) = -13*m + 2. Let z = 146 + -141. What is the remainder when t(y) is divided by z?
0
Suppose -z - 3 - 4 = 0. Calculate the remainder when 32 is divided by z + 1 + (-105)/(-3).
3
Suppose 5*p + 114 = 89. What is the remainder when 53 is divided by (-9 - p)/((-1)/4)?
5
Let i(n) = 2828*n + 3044. Let s be i(-1). Let l = 5 + -2. Suppose 0*z = -l*z + 3*h + s, -138 = -2*z - 4*h. Calculate the remainder when z is divided by 18.
17
Suppose -2209 + 8845 = 42*o. Calculate the remainder when o is divided by 10.
8
Let o(b) = 3*b**2 + 121*b - 184. What is the remainder when 2108 is divided by o(-42)?
2
Let j = 48 - 48. Let h be 3074/18 - j - 8/(-36). Suppose b - h = -2*b + 5*q, -5*q = 2*b - 114. What is the remainder when b is divided by 20?
17
Let l(v) = v**3 - v**2 - 6*v - 7. Let t(q) = -246*q - 8594. Calculate the remainder when l(5) is divided by t(-35).
15
Let k(z) = -16*z**3 - 5*z**2 - 14*z - 127. Calculate the remainder when k(-5) is divided by 1.
0
Suppose -46*k - 73*k - 48*k + 13360 = 0. Suppose -4*z + 524 + 68 = 3*o, 4*z = 2*o + 612. Calculate the remainder when z is divided by k.
71
Suppose 32 = 21*g - 13*g. Suppose 4*k - 6*k - g*u + 278 = 0, 0 = 3*k + 2*u - 437. Let t = -123 + k. Calculate the remainder when 100 is divided by t.
22
Suppose -2*s + 5*s - 18 = 0. Suppose -s*g - 36 = -8*g. Calculate the remainder when 357 is divided by g.
15
Suppose k = 2*k + 4*i - 52, -3*k = -5*i - 207. Suppose -5*n = 3*n + k. Let a(v) = v**3 + 10*v**2 + 13*v + 19. What is the remainder when a(n) is divided by 15?
13
Let i = 1938 - 1461. What is the remainder when i is divided by 154?
15
Suppose 25*v - 1613 = 1912. Suppose -3*a = -0*a + 3*q - 72, 2*a = -4*q + 46. What is the remainder when v is divided by a?
16
Let l = 16872 - 15887. Calculate the remainder when l is divided by 107.
22
Suppose 0 = -888*r + 891*r - 4*s - 273, r + s = 91. What is the remainder when 1909 is divided by r?
89
Suppose -122 = 3*g + 4*c - 759, 7*c = -14. What is the remainder when 216 is divided by g?
1
Let n(k) = 13*k**2 - 9*k + 9. Suppose -g = 5*j + 19, -4*j - 12 = 10*g - 6*g. What is the remainder when 128 is divided by n(g)?
11
Suppose 5*x - 4*d - 5 - 162 = 0, 0 = -2*d - 6. Suppose 0*r + 496 = x*r. What is the remainder when 61 is divided by r?
13
Let m = 124 + -120. Calculate the remainder when 214 is divided by (4/m)/(-2 - 333/(-165)).
49
Let p(s) = -s**3 + 6*s**2 - 5*s + 10. Let q be p(6). Let k = q - -22. Calculate the remainder when 93 is divided by 1 - k/(4/(-62)).
29
Let n = 31423 - 31386. Calculate the remainder when 4474 is divided by n.
34
Let h(m) = -30*m**3 + 6*m**2 - 11*m - 37. Calculate the remainder when h(-6) is divided by 116.
113
Suppose 261*v = 281*v - 15380. What is the remainder when v is divided by 131?
114
Suppose 33 = m - 4*l, -3*m + 22 = 4*l - 29. What is the remainder when 2706 is divided by m?
18
Let c(b) = -9*b + 2*b + 8*b + b + 51. What is the remainder when c(16) is divided by 29?
25
Let r = -8797 - -10070. Calculate the remainder when r is divided by 11.
8
Let a(t) = -15*t - 280. Calculate the remainder when 385 is divided by a(-22).
35
Suppose -8*o - 8 = -7*o. Let c be 20/(-5) - o - 7. Calculate the remainder when 4 + c + 1 + 124 is divided by 43.
40
Suppose 15*t = 39*t - 120. What is the remainder when 303 is divided by (-9)/(126/(-322)) - 1*t?
15
Let b(p) = 7*p - 1. Let m be b(-3). Let j = 22 + m. What is the remainder when 1/(j - 2/(-36)) is divided by 13?
5
Let a = 6221 + -6154. What is the remainder when 145 is divided by a?
11
Suppose -28*f - 34*f + 3916 = -486. Let r(x) = -x**3 + 5*x**2 + 3*x - 1. Calculate the remainder when f is divided by r(3).
19
Suppose 14*f - 15*f + 46 = 0. Let h = 84 - f. Let j = -33 + h. Calculate the remainder when 19 is divided by j.
4
Let f = -6 + 9. Suppose -5*k = -f*w - 3*k + 59, -4*w + k = -87. Calculate the remainder when 105 is divided by w.
13
What is the remainder when 3526 is divided by (((-8)/(-3))/(-2))/(12/(-252))?
26
Let y = 326 + -323. Suppose -3*l + 330 = y*l. Calculate the remainder when 162 is divided by l.
52
Suppose 5*g - 1107 = 2*h, 672*g - h = 674*g - 423. Suppose 0 = -3*s + 4*s - 25. Calculate the remainder when g is divided by s.
17
Let o(c) = -71*c + 5857. What is the remainder when 545 is divided by o(80)?
14
Suppose -92 = 7*p - 11*p. Let i = 187 - 64. Let u = 213 - i. Calculate the remainder when u is divided by p.
21
Suppose -14*b = -13*b - 2. What is the remainder when b + (-6*(-20)/6 - 2) is divided by 13?
7
Let m(w) = 19*w**2 - 326*w - 245. Calculate the remainder when 727 is divided by m(18).
39
Let r(k) = 8*k - 4. Let z be r(0). Let x be 4/(z/21)*(-18)/(-54). Let s = 124 - x. Calculate the remainder when s is divided by 28.
19
Let s = 381 + -269. Let i = s - -361. What is the remainder when i is 